pose 3 = -s - 2. Let a = s + 7. Suppose 2*y - 16 = a. List the prime factors of y.
3
Let q be -55 + 8 - (-2)/(-2). Let d = 77 + q. What are the prime factors of d?
29
Let w(j) = j**3 + 5*j**2 - 5*j + 7. What are the prime factors of w(-5)?
2
Suppose w = -0*w + 5. Let u(z) = -z**2 - z + 75. Let x be u(0). Suppose -25 = w*j - x. What are the prime factors of j?
2, 5
Let u(o) = o**3 - 4*o**2 + 4*o - 3. Let c(l) = l**3 - 5*l**2 + 2. Let v be c(5). Let w be u(v). List the prime factors of (w/3)/((-3)/24).
2
Let v = 21 + -11. Let y = v - 5. What are the prime factors of y?
5
Suppose -20 = -9*m + 11*m. Let l = m + 56. What are the prime factors of l?
2, 23
Let j = -3 + 23. Suppose 0 = -2*o + 5*y + 8 - 3, 0 = 4*o - 4*y + 20. Let a = j + o. What are the prime factors of a?
2, 5
Let x = -92 + 167. List the prime factors of x.
3, 5
Suppose x = 25 + 80. List the prime factors of x.
3, 5, 7
List the prime factors of (-1058)/(-6) + (-4)/12.
2, 11
Let w = 55 - -1. What are the prime factors of w?
2, 7
Suppose -12 = -4*f, 0*b - 3*f - 205 = -2*b. What are the prime factors of b?
107
Suppose -12 = -2*m - 3*n, -2*n = 5*m - 7*n + 20. Suppose 3*u - 6*u + 6 = m. What are the prime factors of 2 + 1 + (u - 1)?
2
Suppose 2*h + 32 = 218. List the prime factors of h.
3, 31
List the prime factors of 11 - (6/2 - 4).
2, 3
Let h(v) = v - 2. Let j be h(5). Suppose 3*b = 5*a + 12, -j*a + a + 12 = 3*b. What are the prime factors of b?
2
Let l(q) = 8*q - 7 - 3*q - q. List the prime factors of l(6).
17
Let v = -87 + 101. List the prime factors of v.
2, 7
Suppose -3*l + 1 = -11. Let a be l + -1 + (2 - 3). Suppose 3*v - a = 34. List the prime factors of v.
2, 3
Let w(s) = -s**3 + 4*s**2 + 5*s + 4. Let g be w(5). Suppose k - 45 = -g*k. Let z = -3 + k. List the prime factors of z.
2, 3
Let t(y) = -7*y**3 - y**2. Let m be t(-1). Let v = -3 + m. Suppose v*u = w + 24 + 3, 5*w - 15 = 0. What are the prime factors of u?
2, 5
Let s(k) = -k**2 - 7*k + 6. What are the prime factors of s(-5)?
2
Suppose a - 15 = 5*g, -4*g + 14 = -2*a - 5*g. Let l(n) = 5*n + 5. Let d(s) = -6*s - 4. Let y(v) = 4*d(v) + 5*l(v). What are the prime factors of y(a)?
2
Let s = 95 - 133. Let w = -21 - s. List the prime factors of w.
17
Suppose -5*w - 9 = 1, 5*w + 4 = 2*q. Let z(k) = -3*k + 3 - 5 + 4. List the prime factors of z(q).
11
Let g(c) = 26*c - 1. Suppose 0*d = -2*d + 4. What are the prime factors of g(d)?
3, 17
Let b(z) = -4*z**3 - z**2 - 2*z + 1. List the prime factors of b(-2).
3, 11
What are the prime factors of (19 - -1)*(1 - -1)?
2, 5
Let o be 4/6 - (-20)/6. Suppose z - o = d, 4*z + z - 18 = 3*d. List the prime factors of (-4)/(d*(4 + -2)).
2
Let n(h) be the second derivative of 5*h**2 - 2*h - 1/6*h**3 + 0. List the prime factors of n(8).
2
Let s(k) = 3*k + 10. What are the prime factors of s(6)?
2, 7
Suppose -3*h = -3*f + 192, -4*f - 4*h - 197 = -7*f. List the prime factors of f.
59
List the prime factors of 219/4*(4/6 + 2).
2, 73
Let u = -207 - -374. What are the prime factors of u?
167
List the prime factors of -964*(-6)/72*3.
241
Suppose 3*d = -3*y + 144, -5*y + 3*d = 61 - 301. Suppose -4*j = -j - y. What are the prime factors of j?
2
Let f(c) = -23*c + 10. Let h be f(3). Let v = h + 102. List the prime factors of v.
43
Suppose 8*k - 3*k + 13 = y, -y + 4*k = -9. Let d = 7 + y. Suppose d*s - 3*s - 2*b = -31, -6 = -3*s + 3*b. What are the prime factors of s?
7
Let r be (7/2)/((-2)/4). Let s(a) = -a**3 - 7*a**2 - 4. Let x be s(r). Let l = x + 19. List the prime factors of l.
3, 5
Suppose t + 5 = 19. Suppose 4*b - 2*j = -4*j + 34, 2*b - t = -2*j. What are the prime factors of b?
2, 5
List the prime factors of 8*(-3 + (-124)/(-16)).
2, 19
Let n(f) = -3*f. Let x be n(-2). Let l be x/(-24) + 18/8. List the prime factors of 14/4 - 1/l.
3
List the prime factors of 68*(-1)/(-2)*(-2)/(-4).
17
Suppose -16 - 11 = -3*o. Suppose -3*m - 3 - o = 0. What are the prime factors of (-25)/m + (-3)/12?
2, 3
Suppose -1148 + 329 = -3*v. What are the prime factors of v?
3, 7, 13
Suppose 2*r + 21 = 3*r. Suppose -n = i - 24, -n = -4*i - r - 28. Let y = 50 - n. List the prime factors of y.
3, 7
What are the prime factors of 72/15*(-80)/(-6)?
2
What are the prime factors of (-206)/(-4) - (-2)/(-4)?
3, 17
Suppose 4*i + 10 = -i. Let d be 2 + (-22)/i - -1. Let p = -2 + d. List the prime factors of p.
2, 3
Let k(y) = 2*y**2 - 3*y. Let i = 3 + -1. Let w be k(i). List the prime factors of w + 1 + -1 + 1.
3
Let n(q) be the third derivative of q**5/60 - q**4/8 + 2*q**3/3 + q**2. Let r be n(4). Suppose -r*s + 4*s = -20. List the prime factors of s.
5
Let l(p) be the first derivative of -2 + 12*p - 1/2*p**2. What are the prime factors of l(0)?
2, 3
Let t be (8/6)/(2/(-129)). Let a = t - -131. What are the prime factors of a?
3, 5
What are the prime factors of 3146/65 - (-2)/(-5)?
2, 3
Let j = 13 - -52. What are the prime factors of j?
5, 13
Let x = -1 + 4. What are the prime factors of -2 + (8 - x) - -3?
2, 3
Let z = 94 - 49. Suppose -4*p + 0*m = 4*m - 132, -5*m - z = -2*p. Suppose -4*o + p = -o. What are the prime factors of o?
2, 5
Let x(r) = 10*r**2 + 5*r + 17. What are the prime factors of x(-5)?
2, 11
Suppose 2*x = -b + 68 + 217, 0 = 3*b + 4*x - 853. What are the prime factors of b?
283
Suppose -4*k + k = -93. Suppose -3*v - 9 = -4*n + k, 0 = 2*n - 2*v - 22. List the prime factors of n.
7
List the prime factors of 2 + ((-15)/5 - -77).
2, 19
Let h(d) = d**2 - 14*d + 12. Let r be h(13). What are the prime factors of ((55 - -3)*r)/(-2)?
29
Suppose -4*r + 8 = -0*r. Suppose -4*v + 14 - 6 = 0. Suppose -5*g = -v*h + 1, -h = -r*h - 4*g + 20. What are the prime factors of h?
2
Let l = 326 - -12. What are the prime factors of l?
2, 13
Let x(t) = -t**2 + 8*t + 2. What are the prime factors of x(7)?
3
Suppose 31 = 3*l + 3*k + 2*k, -10 = -2*k. Suppose -3*q - l*q = -5. List the prime factors of (q + 2 + -11)*-1.
2
Let s = -22 - -85. Suppose -2*w - 1 + s = 0. What are the prime factors of w?
31
Suppose -18*k + 269 + 775 = 0. What are the prime factors of k?
2, 29
Let c = -6 + 8. What are the prime factors of c/4 - (-115)/10?
2, 3
Let f be 6/27 - (-232)/9. Suppose f = n + 6. List the prime factors of 88/n - (-2)/(-5).
2
Suppose -4*y = 593 + 15. Let h be (y/(-12))/((-2)/(-3)). Let m = 28 - h. What are the prime factors of m?
3
Suppose -2*l = -t - 102, 5*l - t + 4*t - 255 = 0. What are the prime factors of l?
3, 17
Let g = 18 - -5. Let a = -13 + g. List the prime factors of a.
2, 5
Suppose 5*x + 83 = 248. Suppose -3*k + 2*j + 40 = -x, -k - 3*j = -39. List the prime factors of k.
3
Let n(f) = 2*f**3 - 3*f**3 + 21*f - f**2 + 8 + 3 - 22*f. Let c be 3/((-6)/(-4)) - 2. What are the prime factors of n(c)?
11
Let x = -6 - -11. Let u(w) = 2 - x + w + 0*w. List the prime factors of u(8).
5
Suppose c + 391 = 6*c + 4*v, 0 = -3*v + 12. What are the prime factors of ((-4)/(-5))/(2/c)?
2, 3, 5
Let b = -51 - -91. What are the prime factors of b?
2, 5
Suppose 5*y = 0, 2*f - 5*y - 15 = -3. Suppose -3 = -3*g + f. Suppose 78 = g*b - 3*d, 0 = 2*b - b - 2*d - 30. List the prime factors of b.
2, 11
Let m = 518 - 270. List the prime factors of m.
2, 31
Let g = -207 + 30. List the prime factors of g/(-9) - (-3)/9.
2, 5
Suppose -3*k - 43 = -4*z + 37, -3*z + 39 = 3*k. List the prime factors of z.
17
Let c(l) = l**3 + 8*l**2 + 6*l - 1. Let v be c(-3). Suppose -z + v = -2. What are the prime factors of z?
2, 7
Let n = 740 - 508. What are the prime factors of n?
2, 29
Suppose -14 = -2*a - 0*a. Let p(v) = a*v**2 + 3 + 4*v + 0 + v**3 - v**2. List the prime factors of p(-5).
2
Suppose 0*l = -2*l - 2*w - 904, 464 = -l + 2*w. What are the prime factors of 6/(-9) - l/9?
2, 5
Suppose 12*u - 34*u + 5390 = 0. What are the prime factors of u?
5, 7
Let i = 1 + -4. Let s = 5 + i. Suppose 0 = -3*h - n + 7, s*h - 11 = n + 2. List the prime factors of h.
2
Let f(u) = -u**3 + 8*u**2 + 9*u + 7. Let b(q) = q**3 + 5*q**2 - 2*q - 1. Let t be b(-5). What are the prime factors of f(t)?
7
Suppose 0 = -5*l + 9 + 16. Suppose -5 = 2*p + l, 10 = f + p. List the prime factors of f.
3, 5
Suppose 3*v - 42 = -12. List the prime factors of v.
2, 5
Let j be 9/(-15) + (-516)/15. Suppose 6 = t - 124. What are the prime factors of (-2)/(-7) - t/j?
2
Let g = -52 - -75. What are the prime factors of g?
23
Let c 